{"id":3467,"date":"2022-04-11T09:25:40","date_gmt":"2022-04-11T12:25:40","guid":{"rendered":"http:\/\/bvc-volei.org\/site\/?page_id=3467"},"modified":"2022-04-11T09:25:40","modified_gmt":"2022-04-11T12:25:40","slug":"edital-001-2022-cbc","status":"publish","type":"page","link":"http:\/\/bvc-volei.org\/site\/transparencia\/processo-de-compras-e-contratacoes\/edital-001-2022-cbc\/","title":{"rendered":"Edital 001\/2022 &#8211; CBC"},"content":{"rendered":"<p><img fetchpriority=\"high\" decoding=\"async\" class=\"wp-image-3459 aligncenter\" src=\"http:\/\/bvc-volei.org\/site\/wp-content\/uploads\/2022\/04\/Captura-de-Tela-2022-04-10-as-08.02.05-300x217.png\" alt=\"\" width=\"433\" height=\"313\" srcset=\"http:\/\/bvc-volei.org\/site\/wp-content\/uploads\/2022\/04\/Captura-de-Tela-2022-04-10-as-08.02.05-300x217.png 300w, http:\/\/bvc-volei.org\/site\/wp-content\/uploads\/2022\/04\/Captura-de-Tela-2022-04-10-as-08.02.05-768x556.png 768w, http:\/\/bvc-volei.org\/site\/wp-content\/uploads\/2022\/04\/Captura-de-Tela-2022-04-10-as-08.02.05-128x93.png 128w, http:\/\/bvc-volei.org\/site\/wp-content\/uploads\/2022\/04\/Captura-de-Tela-2022-04-10-as-08.02.05-32x23.png 32w, http:\/\/bvc-volei.org\/site\/wp-content\/uploads\/2022\/04\/Captura-de-Tela-2022-04-10-as-08.02.05-255x183.png 255w, http:\/\/bvc-volei.org\/site\/wp-content\/uploads\/2022\/04\/Captura-de-Tela-2022-04-10-as-08.02.05-98x71.png 98w, http:\/\/bvc-volei.org\/site\/wp-content\/uploads\/2022\/04\/Captura-de-Tela-2022-04-10-as-08.02.05-600x435.png 600w, http:\/\/bvc-volei.org\/site\/wp-content\/uploads\/2022\/04\/Captura-de-Tela-2022-04-10-as-08.02.05.png 998w\" sizes=\"(max-width: 433px) 100vw, 433px\" \/><\/p>\n<p>&nbsp;<\/p>\n<p><a href=\"http:\/\/bvc-volei.org\/site\/wp-content\/uploads\/2022\/04\/AVISO-DE-LICITACAO-AVISO-DE-LICITACAO-DOU-Imprensa-Nacional.pdf\">AVISO DE LICITA\u00c7\u00c3O &#8211; AVISO DE LICITA\u00c7\u00c3O &#8211; DOU &#8211; Imprensa Nacional<\/a><\/p>\n<p><a href=\"http:\/\/bvc-volei.org\/site\/wp-content\/uploads\/2022\/04\/001-EDITAL-E-ANEXOS-BVC.pdf\">001 EDITAL E ANEXOS &#8211; BVC<\/a><\/p>\n","protected":false},"excerpt":{"rendered":"<p>&nbsp; AVISO DE LICITA\u00c7\u00c3O &#8211; AVISO DE LICITA\u00c7\u00c3O &#8211; DOU &#8211; Imprensa Nacional 001 EDITAL E ANEXOS &#8211; BVC<\/p>\n","protected":false},"author":1,"featured_media":0,"parent":3443,"menu_order":0,"comment_status":"closed","ping_status":"closed","template":"","meta":{"footnotes":""},"class_list":["post-3467","page","type-page","status-publish","hentry"],"_links":{"self":[{"href":"http:\/\/bvc-volei.org\/site\/wp-json\/wp\/v2\/pages\/3467","targetHints":{"allow":["GET"]}}],"collection":[{"href":"http:\/\/bvc-volei.org\/site\/wp-json\/wp\/v2\/pages"}],"about":[{"href":"http:\/\/bvc-volei.org\/site\/wp-json\/wp\/v2\/types\/page"}],"author":[{"embeddable":true,"href":"http:\/\/bvc-volei.org\/site\/wp-json\/wp\/v2\/users\/1"}],"replies":[{"embeddable":true,"href":"http:\/\/bvc-volei.org\/site\/wp-json\/wp\/v2\/comments?post=3467"}],"version-history":[{"count":1,"href":"http:\/\/bvc-volei.org\/site\/wp-json\/wp\/v2\/pages\/3467\/revisions"}],"predecessor-version":[{"id":3468,"href":"http:\/\/bvc-volei.org\/site\/wp-json\/wp\/v2\/pages\/3467\/revisions\/3468"}],"up":[{"embeddable":true,"href":"http:\/\/bvc-volei.org\/site\/wp-json\/wp\/v2\/pages\/3443"}],"wp:attachment":[{"href":"http:\/\/bvc-volei.org\/site\/wp-json\/wp\/v2\/media?parent=3467"}],"curies":[{"name":"wp","href":"https:\/\/api.w.org\/{rel}","templated":true}]}}

<p><img fetchpriority="high" decoding="async" class="wp-image-3459 aligncenter" src="http://bvc-volei.org/site/wp-content/uploads/2022/04/Captura-de-Tela-2022-04-10-as-08.02.05-300x217.png" alt="" width="433" height="313" srcset="http://bvc-volei.org/site/wp-content/uploads/2022/04/Captura-de-Tela-2022-04-10-as-08.02.05-300x217.png 300w, http://bvc-volei.org/site/wp-content/uploads/2022/04/Captura-de-Tela-2022-04-10-as-08.02.05-768x556.png 768w, http://bvc-volei.org/site/wp-content/uploads/2022/04/Captura-de-Tela-2022-04-10-as-08.02.05-128x93.png 128w, http://bvc-volei.org/site/wp-content/uploads/2022/04/Captura-de-Tela-2022-04-10-as-08.02.05-32x23.png 32w, http://bvc-volei.org/site/wp-content/uploads/2022/04/Captura-de-Tela-2022-04-10-as-08.02.05-255x183.png 255w, http://bvc-volei.org/site/wp-content/uploads/2022/04/Captura-de-Tela-2022-04-10-as-08.02.05-98x71.png 98w, http://bvc-volei.org/site/wp-content/uploads/2022/04/Captura-de-Tela-2022-04-10-as-08.02.05-600x435.png 600w, http://bvc-volei.org/site/wp-content/uploads/2022/04/Captura-de-Tela-2022-04-10-as-08.02.05.png 998w" sizes="(max-width: 433px) 100vw, 433px" /></p>
<p>&nbsp;</p>
<p><a href="http://bvc-volei.org/site/wp-content/uploads/2022/04/AVISO-DE-LICITACAO-AVISO-DE-LICITACAO-DOU-Imprensa-Nacional.pdf">AVISO DE LICITAÇÃO &#8211; AVISO DE LICITAÇÃO &#8211; DOU &#8211; Imprensa Nacional</a></p>
<p><a href="http://bvc-volei.org/site/wp-content/uploads/2022/04/001-EDITAL-E-ANEXOS-BVC.pdf">001 EDITAL E ANEXOS &#8211; BVC</a></p>

<p>&nbsp; AVISO DE LICITAÇÃO &#8211; AVISO DE LICITAÇÃO &#8211; DOU &#8211; Imprensa Nacional 001 EDITAL E ANEXOS &#8211; BVC</p>
