{"id":2773,"date":"2020-01-20T21:57:52","date_gmt":"2020-01-20T23:57:52","guid":{"rendered":"http:\/\/bvc-volei.org\/site\/?page_id=2773"},"modified":"2020-01-21T00:10:48","modified_gmt":"2020-01-21T02:10:48","slug":"relatorios-de-desempenho","status":"publish","type":"page","link":"http:\/\/bvc-volei.org\/site\/relatorios-de-desempenho\/","title":{"rendered":"Relat\u00f3rios de Desempenho"},"content":{"rendered":"\n<div class=\"wp-block-file\"><a href=\"http:\/\/bvc-volei.org\/site\/wp-content\/uploads\/2020\/01\/Relat\u00f3rio-T\u00e9cnico_Categorias-de-Base_sub19-e-sub21_ANO-I_2018-3.pdf\">Relat\u00f3rio-T\u00e9cnico_Categorias-de-Base_sub19-e-sub21_ANO-I_2018-3<\/a><a href=\"http:\/\/bvc-volei.org\/site\/wp-content\/uploads\/2020\/01\/Relat\u00f3rio-T\u00e9cnico_Categorias-de-Base_sub19-e-sub21_ANO-I_2018-3.pdf\" class=\"wp-block-file__button\" download>Baixar<\/a><\/div>\n\n\n\n<div class=\"wp-block-file\"><a href=\"http:\/\/bvc-volei.org\/site\/wp-content\/uploads\/2020\/01\/Relat\u00f3rio-de-desempenho_Base_Ano-II_2019.pdf\">Relat\u00f3rio-de-desempenho_Base_Ano-II_2019<\/a><a href=\"http:\/\/bvc-volei.org\/site\/wp-content\/uploads\/2020\/01\/Relat\u00f3rio-de-desempenho_Base_Ano-II_2019.pdf\" class=\"wp-block-file__button\" download>Baixar<\/a><\/div>\n\n\n\n<div class=\"wp-block-file\"><a href=\"http:\/\/bvc-volei.org\/site\/wp-content\/uploads\/2020\/01\/Relat\u00f3rio-de-Desempenho_Equipe-Adulta_Ano-I_Temporada-2018.2019.pdf\">Relat\u00f3rio-de-Desempenho_Equipe-Adulta_Ano-I_Temporada-2018.2019<\/a><a href=\"http:\/\/bvc-volei.org\/site\/wp-content\/uploads\/2020\/01\/Relat\u00f3rio-de-Desempenho_Equipe-Adulta_Ano-I_Temporada-2018.2019.pdf\" class=\"wp-block-file__button\" download>Baixar<\/a><\/div>\n\n\n\n<p>Relat\u00f3rio de Desempenho da Equipe Adulta da temporada 2019\/2020 ser\u00e1 divulgado ap\u00f3s o t\u00e9rmino da temporada, em Maio de 2020.<\/p>\n","protected":false},"excerpt":{"rendered":"<p>Relat\u00f3rio de Desempenho da Equipe Adulta da temporada 2019\/2020 ser\u00e1 divulgado ap\u00f3s o t\u00e9rmino da temporada, em Maio de 2020.<\/p>\n","protected":false},"author":1,"featured_media":0,"parent":0,"menu_order":0,"comment_status":"closed","ping_status":"closed","template":"","meta":{"footnotes":""},"class_list":["post-2773","page","type-page","status-publish","hentry"],"_links":{"self":[{"href":"http:\/\/bvc-volei.org\/site\/wp-json\/wp\/v2\/pages\/2773","targetHints":{"allow":["GET"]}}],"collection":[{"href":"http:\/\/bvc-volei.org\/site\/wp-json\/wp\/v2\/pages"}],"about":[{"href":"http:\/\/bvc-volei.org\/site\/wp-json\/wp\/v2\/types\/page"}],"author":[{"embeddable":true,"href":"http:\/\/bvc-volei.org\/site\/wp-json\/wp\/v2\/users\/1"}],"replies":[{"embeddable":true,"href":"http:\/\/bvc-volei.org\/site\/wp-json\/wp\/v2\/comments?post=2773"}],"version-history":[{"count":2,"href":"http:\/\/bvc-volei.org\/site\/wp-json\/wp\/v2\/pages\/2773\/revisions"}],"predecessor-version":[{"id":2792,"href":"http:\/\/bvc-volei.org\/site\/wp-json\/wp\/v2\/pages\/2773\/revisions\/2792"}],"wp:attachment":[{"href":"http:\/\/bvc-volei.org\/site\/wp-json\/wp\/v2\/media?parent=2773"}],"curies":[{"name":"wp","href":"https:\/\/api.w.org\/{rel}","templated":true}]}}

Relatórios de Desempenho

<div class="wp-block-file"><a href="http://bvc-volei.org/site/wp-content/uploads/2020/01/Relatório-Técnico_Categorias-de-Base_sub19-e-sub21_ANO-I_2018-3.pdf">Relatório-Técnico_Categorias-de-Base_sub19-e-sub21_ANO-I_2018-3</a><a href="http://bvc-volei.org/site/wp-content/uploads/2020/01/Relatório-Técnico_Categorias-de-Base_sub19-e-sub21_ANO-I_2018-3.pdf" class="wp-block-file__button" download>Baixar</a></div>



<div class="wp-block-file"><a href="http://bvc-volei.org/site/wp-content/uploads/2020/01/Relatório-de-desempenho_Base_Ano-II_2019.pdf">Relatório-de-desempenho_Base_Ano-II_2019</a><a href="http://bvc-volei.org/site/wp-content/uploads/2020/01/Relatório-de-desempenho_Base_Ano-II_2019.pdf" class="wp-block-file__button" download>Baixar</a></div>



<div class="wp-block-file"><a href="http://bvc-volei.org/site/wp-content/uploads/2020/01/Relatório-de-Desempenho_Equipe-Adulta_Ano-I_Temporada-2018.2019.pdf">Relatório-de-Desempenho_Equipe-Adulta_Ano-I_Temporada-2018.2019</a><a href="http://bvc-volei.org/site/wp-content/uploads/2020/01/Relatório-de-Desempenho_Equipe-Adulta_Ano-I_Temporada-2018.2019.pdf" class="wp-block-file__button" download>Baixar</a></div>



<p>Relatório de Desempenho da Equipe Adulta da temporada 2019/2020 será divulgado após o término da temporada, em Maio de 2020.</p>

<p>Relatório de Desempenho da Equipe Adulta da temporada 2019/2020 será divulgado após o término da temporada, em Maio de 2020.</p>
